ivided by 3.
2
Calculate the remainder when 33798 is divided by 57.
54
Calculate the remainder when 2924 is divided by 2915.
9
Calculate the remainder when 179 is divided by 34.
9
Calculate the remainder when 743 is divided by 347.
49
What is the remainder when 215 is divided by 52?
7
What is the remainder when 7067 is divided by 101?
98
Calculate the remainder when 2250 is divided by 76.
46
Calculate the remainder when 298 is divided by 64.
42
Calculate the remainder when 177 is divided by 13.
8
Calculate the remainder when 1805 is divided by 67.
63
Calculate the remainder when 5735 is divided by 151.
148
What is the remainder when 100 is divided by 15?
10
Calculate the remainder when 738 is divided by 370.
368
What is the remainder when 139 is divided by 47?
45
What is the remainder when 38 is divided by 14?
10
What is the remainder when 2067 is divided by 90?
87
What is the remainder when 227 is divided by 57?
56
What is the remainder when 341 is divided by 112?
5
What is the remainder when 93 is divided by 38?
17
What is the remainder when 405 is divided by 59?
51
What is the remainder when 119 is divided by 10?
9
What is the remainder when 539 is divided by 36?
35
What is the remainder when 1377 is divided by 32?
1
What is the remainder when 2011 is divided by 13?
9
Calculate the remainder when 4724 is divided by 18.
8
What is the remainder when 423 is divided by 210?
3
Calculate the remainder when 126 is divided by 16.
14
Calculate the remainder when 65567 is divided by 32.
31
What is the remainder when 867 is divided by 82?
47
What is the remainder when 543 is divided by 26?
23
Calculate the remainder when 62 is divided by 32.
30
What is the remainder when 1346 is divided by 111?
14
Calculate the remainder when 1924 is divided by 22.
10
Calculate the remainder when 3566 is divided by 16.
14
Calculate the remainder when 5567 is divided by 505.
12
What is the remainder when 3263 is divided by 68?
67
What is the remainder when 301 is divided by 43?
0
What is the remainder when 117 is divided by 26?
13
Calculate the remainder when 1130 is divided by 21.
17
Calculate the remainder when 398 is divided by 58.
50
Calculate the remainder when 658 is divided by 11.
9
What is the remainder when 431 is divided by 18?
17
What is the remainder when 165 is divided by 42?
39
What is the remainder when 376 is divided by 27?
25
What is the remainder when 1151 is divided by 192?
191
What is the remainder when 11415 is divided by 21?
12
What is the remainder when 826 is divided by 207?
205
Calculate the remainder when 81 is divided by 18.
9
Calculate the remainder when 116 is divided by 33.
17
Calculate the remainder when 973 is divided by 14.
7
What is the remainder when 268 is divided by 10?
8
What is the remainder when 171 is divided by 35?
31
What is the remainder when 2919 is divided by 366?
357
What is the remainder when 95 is divided by 63?
32
What is the remainder when 58 is divided by 39?
19
Calculate the remainder when 46310 is divided by 43.
42
What is the remainder when 616 is divided by 25?
16
What is the remainder when 635 is divided by 211?
2
Calculate the remainder when 816 is divided by 198.
24
What is the remainder when 1160 is divided by 196?
180
What is the remainder when 59 is divided by 24?
11
Calculate the remainder when 1102 is divided by 48.
46
What is the remainder when 83 is divided by 18?
11
What is the remainder when 246 is divided by 81?
3
Calculate the remainder when 84 is divided by 7.
0
Calculate the remainder when 801 is divided by 167.
133
Calculate the remainder when 3581 is divided by 42.
11
What is the remainder when 532 is divided by 181?
170
What is the remainder when 2136 is divided by 58?
48
What is the remainder when 126 is divided by 43?
40
Calculate the remainder when 133 is divided by 15.
13
Calculate the remainder when 1142 is divided by 25.
17
Calculate the remainder when 90 is divided by 26.
12
What is the remainder when 545 is divided by 78?
77
Calculate the remainder when 61 is divided by 57.
4
Calculate the remainder when 458 is divided by 108.
26
Calculate the remainder when 466 is divided by 245.
221
What is the remainder when 857 is divided by 38?
21
What is the remainder when 92 is divided by 30?
2
Calculate the remainder when 486 is divided by 38.
30
Calculate the remainder when 802 is divided by 771.
31
Calculate the remainder when 370 is divided by 11.
7
What is the remainder when 96 is divided by 34?
28
Calculate the remainder when 2022 is divided by 25.
22
What is the remainder when 412 is divided by 133?
13
Calculate the remainder when 552 is divided by 458.
94
Calculate the remainder when 86 is divided by 34.
18
Calculate the remainder when 396 is divided by 140.
116
Calculate the remainder when 1165 is divided by 15.
10
What is the remainder when 570 is divided by 43?
11
Calculate the remainder when 910 is divided by 19.
17
Calculate the remainder when 1564 is divided by 279.
169
Calculate the remainder when 813 is divided by 17.
14
What is the remainder when 928 is divided by 47?
35
What is the remainder when 138 is divided by 131?
7
Calculate the remainder when 218 is divided by 68.
14
What is the remainder when 27553 is divided by 18?
13
Calculate the remainder when 927 is divided by 23.
7
Calculate the remainder when 1098 is divided by 50.
48
Calculate the remainder when 127 is divided by 123.
4
Calculate the remainder when 8931 is divided by 77.
76
Calculate the remainder when 1271 is divided by 7.
4
What is the remainder when 588 is divided by 74?
70
Calculate the remainder when 884 is divided by 121.
37
Calculate the remainder when 6613 is divided by 105.
103
Calculate the remainder when 1670 is divided by 422.
404
Calculate the remainder when 39 is divided by 8.
7
What is the remainder when 2127 is divided by 30?
27
What is the remainder when 203 is divided by 52?
47
Calculate the remainder when 168 is divided by 55.
3
What is the remainder when 127 is divided by 34?
25
What is the remainder when 206 is divided by 19?
16
What is the remainder when 1698 is divided by 27?
24
Calculate the remainder when 1377 is divided by 27.
0
Calculate the remainder when 5637 is divided by 1875.
12
Calculate the remainder when 1348 is divided by 662.
24
What is the remainder when 186 is divided by 95?
91
What is the remainder when 2918 is divided by 968?
14
What is the remainder when 83 is divided by 13?
5
Calculate the remainder when 5778 is divided by 17.
15
What is the remainder when 125 is divided by 24?
5
What is the remainder when 63 is divided by 17?
12
What is the remainder when 970 is divided by 9?
7
Calculate the remainder when 4473 is divided by 83.
74
Calculate the remainder when 83 is divided by 80.
3
Calculate the remainder when 3388 is divided by 15.
13
Calculate the remainder when 497 is divided by 102.
89
What is the remainder when 85 is divided by 23?
16
What is the remainder when 499 is divided by 10?
9
Calculate the remainder when 365 is divided by 130.
105
Calculate the remainder when 127 is divided by 34.
25
What is the remainder when 8962 is divided by 65?
57
What is the remainder when 29 is divided by 21?
8
Calculate the remainder when 162 is divided by 35.
22
What is the remainder when 2073 is divided by 72?
57
What is the remainder when 13080 is divided by 103?
102
Calculate the remainder when 21826 is divided by 214.
212
What is the remainder when 1247 is divided by 379?
110
What is the remainder when 917 is divided by 180?
17
Calculate the remainder when 59 is divided by 17.
8
Calculate the remainder when 242 is divided by 49.
46
What is the remainder when 22647 is divided by 10?
7
Calculate the remainder when 145 is divided by 25.
20
What is the remainder when 2112 is divided by 36?
24
What is the remainder when 178 is divided by 7?
3
What is the remainder when 3144 is divided by 17?
16
What is the remainder when 262 is divided by 33?
31
What is the remainder when 8622 is divided by 16?
14
What is the remainder when 23142 is divided by 5783?
10
What is the remainder when 117 is divided by 43?
31
What is the remainder when 221 is divided by 71?
8
What is the remainder when 2445 is divided by 136?
133
What is the remainder when 634 is divided by 210?
4
What is the remain